{"id":12263,"date":"2024-06-06T09:01:13","date_gmt":"2024-06-06T09:01:13","guid":{"rendered":"https:\/\/www.averwee.be\/site\/?page_id=12263"},"modified":"2024-06-06T09:26:37","modified_gmt":"2024-06-06T09:26:37","slug":"mediateur-scolaire","status":"publish","type":"page","link":"https:\/\/www.averwee.be\/site\/mediateur-scolaire\/","title":{"rendered":"Mediateur scolaire"},"content":{"rendered":"\t\t<div data-elementor-type=\"wp-page\" data-elementor-id=\"12263\" class=\"elementor elementor-12263\">\n\t\t\t\t\t\t<section class=\"elementor-section elementor-top-section elementor-element elementor-element-48cbc38 elementor-section-content-middle elementor-section-boxed elementor-section-height-default elementor-section-height-default\" data-id=\"48cbc38\" data-element_type=\"section\">\n\t\t\t\t\t\t<div class=\"elementor-container elementor-column-gap-extended\">\n\t\t\t\t\t<div class=\"elementor-column elementor-col-50 elementor-top-column elementor-element elementor-element-254c634 sc_layouts_column_icons_position_left\" data-id=\"254c634\" data-element_type=\"column\">\n\t\t\t<div class=\"elementor-widget-wrap elementor-element-populated\">\n\t\t\t\t\t\t<div class=\"elementor-element elementor-element-b9fc7d7 elementor-widget__width-initial sc_fly_static elementor-widget elementor-widget-text-editor\" data-id=\"b9fc7d7\" data-element_type=\"widget\" data-widget_type=\"text-editor.default\">\n\t\t\t\t<div class=\"elementor-widget-container\">\n\t\t\t\t\t\t\t\t\t<div style=\"text-align: justify;\"><h3>M\u00e9diateur social<\/h3><p>Les activit\u00e9s de la\u00a0<strong>m\u00e9diation sociale<\/strong>\u00a0se structurent autour de deux grandes actions : la cr\u00e9ation ou la r\u00e9paration du lien\u00a0<strong>social\u00a0<\/strong>; la pr\u00e9vention ou le r\u00e8glement des conflits.<\/p><p>Le travail du\u00a0<strong>m\u00e9diateur social<\/strong>\u00a0consiste \u00e0 renouer une communication entre des personnes en conflit. Par son interm\u00e9diaire il tente de fournir aux protagonistes les moyens de chercher par eux-m\u00eames des issues \u00e0 leur situation.<\/p><p>Il doit cr\u00e9er un espace d\u2019<strong>\u00e9coute et de dialogue<\/strong>\u00a0en dehors de toute contrainte morale ou physique. Les profils du\u00a0<strong>m\u00e9diateur social<\/strong>\u00a0sont nombreux.<\/p><p><strong>Le m\u00e9diateur social et culturel\u00a0<\/strong>assure une fonction d\u2019interface entre les familles, les intervenants sociaux, les associations et les institutions : permanence en PMI, dans les \u00e9coles , au service social, pr\u00e9fecture, CAF \u2026<\/p><\/div>\t\t\t\t\t\t\t\t<\/div>\n\t\t\t\t<\/div>\n\t\t\t\t\t<\/div>\n\t\t<\/div>\n\t\t\t\t<div class=\"elementor-column elementor-col-50 elementor-top-column elementor-element elementor-element-992b52f sc_layouts_column_icons_position_left\" data-id=\"992b52f\" data-element_type=\"column\">\n\t\t\t<div class=\"elementor-widget-wrap elementor-element-populated\">\n\t\t\t\t\t\t<div class=\"elementor-element elementor-element-ed73101 sc_fly_static elementor-invisible elementor-widget elementor-widget-image\" data-id=\"ed73101\" data-element_type=\"widget\" data-settings=\"{&quot;_animation&quot;:&quot;fadeInRight&quot;}\" data-widget_type=\"image.default\">\n\t\t\t\t<div class=\"elementor-widget-container\">\n\t\t\t\t\t\t\t\t\t\t\t\t<figure class=\"wp-caption\">\n\t\t\t\t\t\t\t\t\t\t<img decoding=\"async\" src=\"https:\/\/www.averwee.be\/site\/wp-content\/uploads\/elementor\/thumbs\/20240122_114355-scaled-qjd027xh7dk5646u4aocuj9aga7a3cwzp4hhkehgko.jpg\" title=\"20240122_114355\" alt=\"20240122_114355\" loading=\"lazy\" \/>\t\t\t\t\t\t\t\t\t\t\t<figcaption class=\"widget-image-caption wp-caption-text\"> M. Alaoui Driss driss.alaoui@averwee.be                                                                                             02\/244.91.98 <\/figcaption>\n\t\t\t\t\t\t\t\t\t\t<\/figure>\n\t\t\t\t\t\t\t\t\t<\/div>\n\t\t\t\t<\/div>\n\t\t\t\t\t<\/div>\n\t\t<\/div>\n\t\t\t\t\t<\/div>\n\t\t<\/section>\n\t\t\t\t<\/div>\n\t\t","protected":false},"excerpt":{"rendered":"<p>M\u00e9diateur social Les activit\u00e9s de la\u00a0m\u00e9diation sociale\u00a0se structurent autour de deux grandes actions : la cr\u00e9ation ou la r\u00e9paration du&hellip;<\/p>\n","protected":false},"author":1,"featured_media":0,"parent":0,"menu_order":0,"comment_status":"closed","ping_status":"closed","template":"","meta":{"_EventAllDay":false,"_EventTimezone":"","_EventStartDate":"","_EventEndDate":"","_EventStartDateUTC":"","_EventEndDateUTC":"","_EventShowMap":false,"_EventShowMapLink":false,"_EventURL":"","_EventCost":"","_EventCostDescription":"","_EventCurrencySymbol":"","_EventCurrencyCode":"","_EventCurrencyPosition":"","_EventDateTimeSeparator":"","_EventTimeRangeSeparator":"","_EventOrganizerID":[],"_EventVenueID":[],"_OrganizerEmail":"","_OrganizerPhone":"","_OrganizerWebsite":"","_VenueAddress":"","_VenueCity":"","_VenueCountry":"","_VenueProvince":"","_VenueState":"","_VenueZip":"","_VenuePhone":"","_VenueURL":"","_VenueStateProvince":"","_VenueLat":"","_VenueLng":"","_VenueShowMap":false,"_VenueShowMapLink":false,"footnotes":""},"class_list":["post-12263","page","type-page","status-publish","hentry"],"_links":{"self":[{"href":"https:\/\/www.averwee.be\/site\/wp-json\/wp\/v2\/pages\/12263","targetHints":{"allow":["GET"]}}],"collection":[{"href":"https:\/\/www.averwee.be\/site\/wp-json\/wp\/v2\/pages"}],"about":[{"href":"https:\/\/www.averwee.be\/site\/wp-json\/wp\/v2\/types\/page"}],"author":[{"embeddable":true,"href":"https:\/\/www.averwee.be\/site\/wp-json\/wp\/v2\/users\/1"}],"replies":[{"embeddable":true,"href":"https:\/\/www.averwee.be\/site\/wp-json\/wp\/v2\/comments?post=12263"}],"version-history":[{"count":4,"href":"https:\/\/www.averwee.be\/site\/wp-json\/wp\/v2\/pages\/12263\/revisions"}],"predecessor-version":[{"id":12267,"href":"https:\/\/www.averwee.be\/site\/wp-json\/wp\/v2\/pages\/12263\/revisions\/12267"}],"wp:attachment":[{"href":"https:\/\/www.averwee.be\/site\/wp-json\/wp\/v2\/media?parent=12263"}],"curies":[{"name":"wp","href":"https:\/\/api.w.org\/{rel}","templated":true}]}}